[INFO] cloning repository https://github.com/Navidem/auto-dlopen-wasm
[INFO] running `Command { std: "git" "-c" "credential.helper=" "-c" "credential.helper=/workspace/cargo-home/bin/git-credential-null" "clone" "--bare" "https://github.com/Navidem/auto-dlopen-wasm" "/workspace/cache/git-repos/https%3A%2F%2Fgithub.com%2FNavidem%2Fauto-dlopen-wasm", kill_on_drop: false }`
[INFO] [stderr] Cloning into bare repository '/workspace/cache/git-repos/https%3A%2F%2Fgithub.com%2FNavidem%2Fauto-dlopen-wasm'...
[INFO] running `Command { std: "git" "rev-parse" "HEAD", kill_on_drop: false }`
[INFO] [stdout] 79504f195b9b4d773aeb1efddce0b8d9ace9280c
[INFO] checking Navidem/auto-dlopen-wasm against master#af3c6e733a40e671550e0f0f5aeecaa13772ba56 for pr-74989
[INFO] running `Command { std: "git" "clone" "/workspace/cache/git-repos/https%3A%2F%2Fgithub.com%2FNavidem%2Fauto-dlopen-wasm" "/workspace/builds/worker-1/source", kill_on_drop: false }`
[INFO] [stderr] Cloning into '/workspace/builds/worker-1/source'...
[INFO] [stderr] done.
[INFO] validating manifest of git repo https://github.com/Navidem/auto-dlopen-wasm on toolchain af3c6e733a40e671550e0f0f5aeecaa13772ba56
[INFO] running `Command { std: "/workspace/cargo-home/bin/cargo" "+af3c6e733a40e671550e0f0f5aeecaa13772ba56" "read-manifest" "--manifest-path" "Cargo.toml", kill_on_drop: false }`
[INFO] started tweaking git repo https://github.com/Navidem/auto-dlopen-wasm
[INFO] removed path dependency rls-analysis from git repo https://github.com/Navidem/auto-dlopen-wasm
[INFO] finished tweaking git repo https://github.com/Navidem/auto-dlopen-wasm
[INFO] tweaked toml for git repo https://github.com/Navidem/auto-dlopen-wasm written to /workspace/builds/worker-1/source/Cargo.toml
[INFO] crate git repo https://github.com/Navidem/auto-dlopen-wasm already has a lockfile, it will not be regenerated
[INFO] running `Command { std: "/workspace/cargo-home/bin/cargo" "+af3c6e733a40e671550e0f0f5aeecaa13772ba56" "fetch" "--locked" "--manifest-path" "Cargo.toml", kill_on_drop: false }`
[INFO] [stderr] warning: dependency (rls-analysis) specified without providing a local path, Git repository, or version to use. This will be considered an error in future versions
[INFO] [stderr]     Updating crates.io index
[INFO] [stderr] error: the lock file /workspace/builds/worker-1/source/Cargo.lock needs to be updated but --locked was passed to prevent this
[INFO] [stderr] If you want to try to generate the lock file without accessing the network, use the --offline flag.
[INFO] the lockfile is outdated, regenerating it
[INFO] running `Command { std: "/workspace/cargo-home/bin/cargo" "+af3c6e733a40e671550e0f0f5aeecaa13772ba56" "generate-lockfile" "--manifest-path" "Cargo.toml" "-Zno-index-update", kill_on_drop: false }`
[INFO] running `Command { std: "/workspace/cargo-home/bin/cargo" "+af3c6e733a40e671550e0f0f5aeecaa13772ba56" "fetch" "--locked" "--manifest-path" "Cargo.toml", kill_on_drop: false }`
[INFO] [stderr] warning: dependency (rls-analysis) specified without providing a local path, Git repository, or version to use. This will be considered an error in future versions
[INFO] running `Command { std: "docker" "create" "-v" "/var/lib/crater-agent-workspace/builds/worker-1/target:/opt/rustwide/target:rw,Z" "-v" "/var/lib/crater-agent-workspace/builds/worker-1/source:/opt/rustwide/workdir:ro,Z" "-v" "/var/lib/crater-agent-workspace/cargo-home:/opt/rustwide/cargo-home:ro,Z" "-v" "/var/lib/crater-agent-workspace/rustup-home:/opt/rustwide/rustup-home:ro,Z" "-e" "SOURCE_DIR=/opt/rustwide/workdir" "-e" "CARGO_TARGET_DIR=/opt/rustwide/target" "-e" "CARGO_HOME=/opt/rustwide/cargo-home" "-e" "RUSTUP_HOME=/opt/rustwide/rustup-home" "-w" "/opt/rustwide/workdir" "-m" "1610612736" "--user" "0:0" "--network" "none" "rustops/crates-build-env@sha256:d92eaeed33fa75130ca1ee6c8a01d1ffb62bac859dfdfb3450e3e5d1c0146529" "/opt/rustwide/cargo-home/bin/cargo" "+af3c6e733a40e671550e0f0f5aeecaa13772ba56" "metadata" "--no-deps" "--format-version=1", kill_on_drop: false }`
[INFO] [stderr] WARNING: Your kernel does not support swap limit capabilities or the cgroup is not mounted. Memory limited without swap.
[INFO] [stdout] d08ac00b08a6d2b5dad95ff8f2e75cec47bf045d1003e056b0f4ab42d95cf4c9
[INFO] running `Command { std: "docker" "start" "-a" "d08ac00b08a6d2b5dad95ff8f2e75cec47bf045d1003e056b0f4ab42d95cf4c9", kill_on_drop: false }`
[INFO] running `Command { std: "docker" "inspect" "d08ac00b08a6d2b5dad95ff8f2e75cec47bf045d1003e056b0f4ab42d95cf4c9", kill_on_drop: false }`
[INFO] running `Command { std: "docker" "rm" "-f" "d08ac00b08a6d2b5dad95ff8f2e75cec47bf045d1003e056b0f4ab42d95cf4c9", kill_on_drop: false }`
[INFO] [stdout] d08ac00b08a6d2b5dad95ff8f2e75cec47bf045d1003e056b0f4ab42d95cf4c9
[INFO] running `Command { std: "docker" "create" "-v" "/var/lib/crater-agent-workspace/builds/worker-1/target:/opt/rustwide/target:rw,Z" "-v" "/var/lib/crater-agent-workspace/builds/worker-1/source:/opt/rustwide/workdir:ro,Z" "-v" "/var/lib/crater-agent-workspace/cargo-home:/opt/rustwide/cargo-home:ro,Z" "-v" "/var/lib/crater-agent-workspace/rustup-home:/opt/rustwide/rustup-home:ro,Z" "-e" "SOURCE_DIR=/opt/rustwide/workdir" "-e" "CARGO_TARGET_DIR=/opt/rustwide/target" "-e" "CARGO_INCREMENTAL=0" "-e" "RUST_BACKTRACE=full" "-e" "RUSTFLAGS=--cap-lints=forbid" "-e" "CARGO_HOME=/opt/rustwide/cargo-home" "-e" "RUSTUP_HOME=/opt/rustwide/rustup-home" "-w" "/opt/rustwide/workdir" "-m" "1610612736" "--user" "0:0" "--network" "none" "rustops/crates-build-env@sha256:d92eaeed33fa75130ca1ee6c8a01d1ffb62bac859dfdfb3450e3e5d1c0146529" "/opt/rustwide/cargo-home/bin/cargo" "+af3c6e733a40e671550e0f0f5aeecaa13772ba56" "check" "--frozen" "--all" "--all-targets" "--message-format=json", kill_on_drop: false }`
[INFO] [stderr] WARNING: Your kernel does not support swap limit capabilities or the cgroup is not mounted. Memory limited without swap.
[INFO] [stdout] 2e5805fe056cda2cf7260c545dacbb6571518329d9762a394900fb82e3b5d6de
[INFO] running `Command { std: "docker" "start" "-a" "2e5805fe056cda2cf7260c545dacbb6571518329d9762a394900fb82e3b5d6de", kill_on_drop: false }`
[INFO] [stderr] warning: dependency (rls-analysis) specified without providing a local path, Git repository, or version to use. This will be considered an error in future versions
[INFO] [stderr]    Compiling proc-macro2 v1.0.21
[INFO] [stderr]    Compiling unicode-xid v0.2.1
[INFO] [stderr]    Compiling syn v1.0.40
[INFO] [stderr]    Compiling byteorder v1.3.4
[INFO] [stderr]    Compiling serde_derive v1.0.116
[INFO] [stderr]    Compiling proc-macro2 v0.4.30
[INFO] [stderr]    Compiling memchr v2.3.3
[INFO] [stderr]     Checking unicode-xid v0.1.0
[INFO] [stderr]    Compiling log v0.4.11
[INFO] [stderr]     Checking cfg-if v0.1.10
[INFO] [stderr]     Checking lazy_static v1.4.0
[INFO] [stderr]     Checking either v1.6.0
[INFO] [stderr]     Checking rustc-serialize v0.3.24
[INFO] [stderr]     Checking json v0.11.15
[INFO] [stderr]     Checking regex-syntax v0.6.18
[INFO] [stderr]     Checking thread_local v1.0.1
[INFO] [stderr]     Checking rls-span v0.5.2
[INFO] [stderr]     Checking itertools v0.8.2
[INFO] [stderr]     Checking rls-data v0.19.0
[INFO] [stderr]     Checking aho-corasick v0.7.13
[INFO] [stderr]     Checking fst v0.3.5
[INFO] [stderr]     Checking quote v0.6.13
[INFO] [stderr]    Compiling quote v1.0.7
[INFO] [stderr]     Checking syn v0.14.9
[INFO] [stderr]     Checking regex v1.3.9
[INFO] [stderr]    Compiling derive-new v0.5.8
[INFO] [stderr]     Checking rls-analysis v0.18.1
[INFO] [stderr]     Checking rls-span v0.4.1
[INFO] [stderr]     Checking rls-data v0.16.0
[INFO] [stderr]     Checking auto-dlopen-wasm v0.1.0 (/opt/rustwide/workdir)
[INFO] [stdout] warning: trait objects without an explicit `dyn` are deprecated
[INFO] [stdout]   --> src/rls.rs:13:91
[INFO] [stdout]    |
[INFO] [stdout] 13 | pub fn run_analysis(path: &path::Path, mode: &str) -> Result< Vec<rls_analysis::Def>, Box<std::error::Error> >{
[INFO] [stdout]    |                                                                                           ^^^^^^^^^^^^^^^^^ help: use `dyn`: `dyn std::error::Error`
[INFO] [stdout]    |
[INFO] [stdout]    = note: `#[warn(bare_trait_objects)]` on by default
[INFO] [stdout] 
[INFO] [stdout] 
[INFO] [stdout] warning: trait objects without an explicit `dyn` are deprecated
[INFO] [stdout]   --> src/rls.rs:57:26
[INFO] [stdout]    |
[INFO] [stdout] 57 |     -> Result < () , Box<std::error::Error>> {
[INFO] [stdout]    |                          ^^^^^^^^^^^^^^^^^ help: use `dyn`: `dyn std::error::Error`
[INFO] [stdout] 
[INFO] [stdout] 
[INFO] [stdout] warning: trait objects without an explicit `dyn` are deprecated
[INFO] [stdout]   --> src/rls.rs:76:100
[INFO] [stdout]    |
[INFO] [stdout] 76 | fn emit_sig (analysis: &AnalysisHost, defin: &rls_analysis::Def, indent: &u32) -> Result < (), Box<std::error::Error>>{
[INFO] [stdout]    |                                                                                                    ^^^^^^^^^^^^^^^^^ help: use `dyn`: `dyn std::error::Error`
[INFO] [stdout] 
[INFO] [stdout] 
[INFO] [stdout] warning: trait objects without an explicit `dyn` are deprecated
[INFO] [stdout]   --> src/rls.rs:96:66
[INFO] [stdout]    |
[INFO] [stdout] 96 | fn generate_analysis_files(dir : &path::Path) -> Result <(), Box<std::error::Error> >{
[INFO] [stdout]    |                                                                  ^^^^^^^^^^^^^^^^^ help: use `dyn`: `dyn std::error::Error`
[INFO] [stdout] 
[INFO] [stdout] 
[INFO] [stdout] warning: trait objects without an explicit `dyn` are deprecated
[INFO] [stdout]    --> src/lib.rs:370:88
[INFO] [stdout]     |
[INFO] [stdout] 370 | pub fn generate_client(path: &path::Path, mode: &str, is_wasm: bool) -> Result<(), Box<std::error::Error>> {
[INFO] [stdout]     |                                                                                        ^^^^^^^^^^^^^^^^^ help: use `dyn`: `dyn std::error::Error`
[INFO] [stdout] 
[INFO] [stdout] 
[INFO] [stdout] warning: trait objects without an explicit `dyn` are deprecated
[INFO] [stdout]    --> src/lib.rs:378:88
[INFO] [stdout]     |
[INFO] [stdout] 378 | pub fn generate_dylib (path: &path::Path, mode: &str, is_wasm: bool) -> Result<(), Box<std::error::Error>> {
[INFO] [stdout]     |                                                                                        ^^^^^^^^^^^^^^^^^ help: use `dyn`: `dyn std::error::Error`
[INFO] [stdout] 
[INFO] [stdout] 
[INFO] [stdout] warning: trait objects without an explicit `dyn` are deprecated
[INFO] [stdout]    --> src/lib.rs:493:104
[INFO] [stdout]     |
[INFO] [stdout] 493 | fn put_wasm_custom_section(src_file: &path::PathBuf, token_stream: &Vec<FuncTokens>) -> Result<(), Box<std::error::Error>> {
[INFO] [stdout]     |                                                                                                        ^^^^^^^^^^^^^^^^^ help: use `dyn`: `dyn std::error::Error`
[INFO] [stdout] 
[INFO] [stdout] 
[INFO] [stdout] warning: trait objects without an explicit `dyn` are deprecated
[INFO] [stdout]   --> src/rls.rs:13:91
[INFO] [stdout]    |
[INFO] [stdout] 13 | pub fn run_analysis(path: &path::Path, mode: &str) -> Result< Vec<rls_analysis::Def>, Box<std::error::Error> >{
[INFO] [stdout]    |                                                                                           ^^^^^^^^^^^^^^^^^ help: use `dyn`: `dyn std::error::Error`
[INFO] [stdout]    |
[INFO] [stdout]    = note: `#[warn(bare_trait_objects)]` on by default
[INFO] [stdout] 
[INFO] [stdout] 
[INFO] [stdout] warning: trait objects without an explicit `dyn` are deprecated
[INFO] [stdout]   --> src/rls.rs:57:26
[INFO] [stdout]    |
[INFO] [stdout] 57 |     -> Result < () , Box<std::error::Error>> {
[INFO] [stdout]    |                          ^^^^^^^^^^^^^^^^^ help: use `dyn`: `dyn std::error::Error`
[INFO] [stdout] 
[INFO] [stdout] 
[INFO] [stdout] warning: trait objects without an explicit `dyn` are deprecated
[INFO] [stdout]   --> src/rls.rs:76:100
[INFO] [stdout]    |
[INFO] [stdout] 76 | fn emit_sig (analysis: &AnalysisHost, defin: &rls_analysis::Def, indent: &u32) -> Result < (), Box<std::error::Error>>{
[INFO] [stdout]    |                                                                                                    ^^^^^^^^^^^^^^^^^ help: use `dyn`: `dyn std::error::Error`
[INFO] [stdout] 
[INFO] [stdout] 
[INFO] [stdout] warning: trait objects without an explicit `dyn` are deprecated
[INFO] [stdout]   --> src/rls.rs:96:66
[INFO] [stdout]    |
[INFO] [stdout] 96 | fn generate_analysis_files(dir : &path::Path) -> Result <(), Box<std::error::Error> >{
[INFO] [stdout]    |                                                                  ^^^^^^^^^^^^^^^^^ help: use `dyn`: `dyn std::error::Error`
[INFO] [stdout] 
[INFO] [stdout] 
[INFO] [stdout] warning: trait objects without an explicit `dyn` are deprecated
[INFO] [stdout]    --> src/lib.rs:370:88
[INFO] [stdout]     |
[INFO] [stdout] 370 | pub fn generate_client(path: &path::Path, mode: &str, is_wasm: bool) -> Result<(), Box<std::error::Error>> {
[INFO] [stdout]     |                                                                                        ^^^^^^^^^^^^^^^^^ help: use `dyn`: `dyn std::error::Error`
[INFO] [stdout] 
[INFO] [stdout] 
[INFO] [stdout] warning: trait objects without an explicit `dyn` are deprecated
[INFO] [stdout]    --> src/lib.rs:378:88
[INFO] [stdout]     |
[INFO] [stdout] 378 | pub fn generate_dylib (path: &path::Path, mode: &str, is_wasm: bool) -> Result<(), Box<std::error::Error>> {
[INFO] [stdout]     |                                                                                        ^^^^^^^^^^^^^^^^^ help: use `dyn`: `dyn std::error::Error`
[INFO] [stdout] 
[INFO] [stdout] 
[INFO] [stdout] warning: trait objects without an explicit `dyn` are deprecated
[INFO] [stdout]    --> src/lib.rs:493:104
[INFO] [stdout]     |
[INFO] [stdout] 493 | fn put_wasm_custom_section(src_file: &path::PathBuf, token_stream: &Vec<FuncTokens>) -> Result<(), Box<std::error::Error>> {
[INFO] [stdout]     |                                                                                                        ^^^^^^^^^^^^^^^^^ help: use `dyn`: `dyn std::error::Error`
[INFO] [stdout] 
[INFO] [stdout] 
[INFO] [stdout] error[E0609]: no field `sig` on type `rls_analysis::Def`
[INFO] [stdout]   --> src/lib.rs:43:25
[INFO] [stdout]    |
[INFO] [stdout] 43 |         let text = func.sig.expect("Panic! No sig!!").text; //"fn foo() -> f64  {}";//
[INFO] [stdout]    |                         ^^^ unknown field
[INFO] [stdout]    |
[INFO] [stdout]    = note: available fields are: `kind`, `span`, `name`, `qualname`, `distro_crate` ... and 3 others
[INFO] [stdout] 
[INFO] [stdout] 
[INFO] [stdout] error[E0277]: the size for values of type `str` cannot be known at compilation time
[INFO] [stdout]    --> src/lib.rs:48:9
[INFO] [stdout]     |
[INFO] [stdout] 48  |         println!("{}", text);
[INFO] [stdout]     |         ^^^^^^^^^^^^^^^^^^^^^ doesn't have a size known at compile-time
[INFO] [stdout]     |
[INFO] [stdout]     = help: the trait `Sized` is not implemented for `str`
[INFO] [stdout]     = note: this error originates in a macro (in Nightly builds, run with -Z macro-backtrace for more info)
[INFO] [stdout] 
[INFO] [stdout] 
[INFO] [stdout] error[E0609]: no field `sig` on type `rls_analysis::Def`
[INFO] [stdout]   --> src/lib.rs:43:25
[INFO] [stdout]    |
[INFO] [stdout] 43 |         let text = func.sig.expect("Panic! No sig!!").text; //"fn foo() -> f64  {}";//
[INFO] [stdout]    |                         ^^^ unknown field
[INFO] [stdout]    |
[INFO] [stdout]    = note: available fields are: `kind`, `span`, `name`, `qualname`, `distro_crate` ... and 3 others
[INFO] [stdout] 
[INFO] [stdout] 
[INFO] [stdout] error[E0277]: the size for values of type `str` cannot be known at compilation time
[INFO] [stdout]    --> src/lib.rs:48:9
[INFO] [stdout]     |
[INFO] [stdout] 48  |         println!("{}", text);
[INFO] [stdout]     |         ^^^^^^^^^^^^^^^^^^^^^ doesn't have a size known at compile-time
[INFO] [stdout]     |
[INFO] [stdout]     = help: the trait `Sized` is not implemented for `str`
[INFO] [stdout]     = note: this error originates in a macro (in Nightly builds, run with -Z macro-backtrace for more info)
[INFO] [stdout] 
[INFO] [stdout] 
[INFO] [stdout] error[E0609]: no field `sig` on type `rls_analysis::Def`
[INFO] [stdout]   --> src/rls.rs:79:15
[INFO] [stdout]    |
[INFO] [stdout] 79 |     match def.sig {
[INFO] [stdout]    |               ^^^ unknown field
[INFO] [stdout]    |
[INFO] [stdout]    = note: available fields are: `kind`, `span`, `name`, `qualname`, `distro_crate` ... and 3 others
[INFO] [stdout] 
[INFO] [stdout] 
[INFO] [stdout] error[E0609]: no field `sig` on type `rls_analysis::Def`
[INFO] [stdout]   --> src/rls.rs:79:15
[INFO] [stdout]    |
[INFO] [stdout] 79 |     match def.sig {
[INFO] [stdout]    |               ^^^ unknown field
[INFO] [stdout]    |
[INFO] [stdout]    = note: available fields are: `kind`, `span`, `name`, `qualname`, `distro_crate` ... and 3 others
[INFO] [stdout] 
[INFO] [stdout] 
[INFO] [stdout] error: aborting due to 3 previous errors; 7 warnings emitted
[INFO] [stdout] 
[INFO] [stdout] 
[INFO] [stdout] Some errors have detailed explanations: E0277, E0609.
[INFO] [stdout] 
[INFO] [stdout] For more information about an error, try `rustc --explain E0277`.
[INFO] [stdout] 
[INFO] [stderr] error: could not compile `auto-dlopen-wasm`.
[INFO] [stderr] 
[INFO] [stderr] To learn more, run the command again with --verbose.
[INFO] [stderr] warning: build failed, waiting for other jobs to finish...
[INFO] [stdout] error: aborting due to 3 previous errors; 7 warnings emitted
[INFO] [stdout] 
[INFO] [stdout] 
[INFO] [stdout] Some errors have detailed explanations: E0277, E0609.
[INFO] [stdout] 
[INFO] [stdout] For more information about an error, try `rustc --explain E0277`.
[INFO] [stdout] 
[INFO] [stderr] error: build failed
[INFO] running `Command { std: "docker" "inspect" "2e5805fe056cda2cf7260c545dacbb6571518329d9762a394900fb82e3b5d6de", kill_on_drop: false }`
[INFO] running `Command { std: "docker" "rm" "-f" "2e5805fe056cda2cf7260c545dacbb6571518329d9762a394900fb82e3b5d6de", kill_on_drop: false }`
[INFO] [stdout] 2e5805fe056cda2cf7260c545dacbb6571518329d9762a394900fb82e3b5d6de
